lse
Suppose -4*s = -w - 17, -w + 2*s = 5*s - 18. Suppose y = -3*f - 3*y + 391, -w*y + 261 = 2*f. Suppose 3*g = p + 1387 - f, 5*p = 5*g - 2100. Is g a prime number?
True
Is (15/12)/(23/590732) composite?
True
Let h(z) = -30*z**2 + 4498*z - 19. Is h(72) a prime number?
False
Suppose 3*o = -5*s + 152439 + 3273027, -27 = 3*s. Is o composite?
False
Suppose 5*h = -3*n + 5*n - 30, 4*n - 4 = -4*h. Suppose m + 5*v + 707 = 71, -3260 = n*m + 5*v. Let u = -139 - m. Is u prime?
False
Suppose -3*q + 4 = -2*b, -b + 4*b = 12. Suppose q*v + 25 = -v, 3*n + v + 170 = 0. Let a = n - -112. Is a a prime number?
False
Suppose m + g + 3*g = 24285, -48 = -12*g. Is m prime?
False
Suppose 3*y = 5*u - 27, 1 - 8 = 3*u + 4*y. Suppose 2*c - u*j + 6 + 18 = 0, -4*c - 5*j - 26 = 0. Let d(a) = -2*a**3 - 15*a**2 + 7*a + 14. Is d(c) composite?
True
Let k = -594876 + 1126621. Is k a prime number?
False
Is (-21531)/4*(-14 - (-8 - 2)) a prime number?
False
Suppose 72*w - 76*w + 1136 = 0. Let y = 503 + w. Is y composite?
False
Suppose -9*v = l - 394468, 9*l - 5*l = 3*v + 1578145. Is l prime?
False
Let u be (-12032)/48*(-5 - -2). Let d = -223 + u. Is d prime?
False
Suppose 35*c - 32*c - 4*j - 2754147 = 0, 4*c - 3672176 = 2*j. Is c prime?
True
Suppose 5*b - 22556 = -a, -6*b - 4*a = -3*b - 13520. Suppose -4*q + x = -0*q - 4527, -4*q - 4*x + b = 0. Let j = -712 + q. Is j composite?
False
Suppose 4*g - 6 = -2*o - 0*o, 3 = 4*g + 5*o. Let b(s) = 9*s**2 + 16*s - 37. Is b(g) a composite number?
False
Let n = 1202054 - 457515. Is n a prime number?
True
Let u = 42413 - 2862. Is u a composite number?
False
Let m = 41 + -40. Is (12 + 1890)/(2*m) composite?
True
Let d(o) = 433*o**2 - 128*o + 257. Is d(2) a composite number?
False
Suppose -m + 123 = 5*b, -2*m + 3*b + 258 = 7*b. Let z(x) = x - 46. Let i be z(22). Let r = m + i. Is r a prime number?
True
Let t be 2/(-21)*-3 - (-3180)/42. Suppose 80*o - t*o = 20. Is (o/(-3) + 1)/((-4)/5262) a prime number?
True
Let p = 653 - 471. Suppose 184*v - 7574 = p*v. Is v prime?
False
Let v(x) = -x**3 - 23*x**2 - 144*x + 29. Is v(-20) a prime number?
True
Suppose -2*x = 2*o + 15 + 31, 5*x = 2*o + 81. Let f be 6*((-11)/12 - 7/o). Is (82 - 0)/(f/(-10)) a composite number?
True
Suppose -7*l - 32 = -25. Is l/(-5) - 3402/35*-19 composite?
False
Let q(o) = -2*o**3 - 25*o**2 + 226*o - 74. Is q(-45) prime?
False
Let q be (-9)/2*7/((-56)/16). Suppose q = -28*l + 31*l. Suppose -3811 = -l*w - 298. Is w prime?
True
Let g = -63 + 63. Let l be 2 - (2 + -5 + g). Suppose -3*z - 2230 = -l*z. Is z prime?
False
Suppose -3*z = -4 - 14. Suppose b + 13503 = -z*b. Let u = b + 3860. Is u a prime number?
True
Suppose 3*h - 996 = 6879. Suppose -5*r = 3*v + 1799 + 2091, -2*v = -3*r + h. Let m = 2704 + v. Is m composite?
False
Suppose -86 = -5*m - 66. Let k be m/(-14) - (-966)/(-49). Is (5/k)/((-8910)/(-4456) + -2) composite?
False
Let v = -40358 - -71239. Is v a prime number?
True
Let d(a) = 25*a**2 - 14 + 18 + 11*a**2 + 21*a**2 + 7*a. Is d(-2) a prime number?
False
Suppose -4*s = -s + 6. Let i(g) = 8*g**2 - 466 - g - 11*g**2 + 467 - 39*g**3. Is i(s) a composite number?
True
Let r(a) be the third derivative of -5*a**4/24 - a**3/2 - 7*a**2. Let o be r(-1). Suppose 0 = -o*w + 3*w - 526. Is w a prime number?
False
Let b = -22743 + 141826. Is b composite?
False
Let d(m) = m**2 - 3*m - 7. Let n be d(-6). Let v = 568 + -397. Suppose n - v = -4*s. Is s a prime number?
True
Let t be (-2 + 100/6)*351/26. Let j = t + -141. Suppose j = 4*a + 13. Is a prime?
True
Let c = 21861 + -4310. Is c a composite number?
False
Let v = 1720 - 1715. Suppose 2*h - 13325 = -3*z, -3*z + 2*z = 3*h - 4437. Suppose z = 5*d - 2*g, g - 4*g - 4447 = -v*d. Is d prime?
True
Is (2/(-6))/((-27)/(477669 + -12)) prime?
True
Let m(y) = 6*y**3 + 5*y**2 - 1. Let f = 63 - 60. Let z(q) = -q**3 - q**2 - q. Let n(g) = f*z(g) + m(g). Is n(3) composite?
False
Let g(y) = 30867*y**2 + 164*y - 16. Is g(3) prime?
True
Suppose 4*g - k - 1096367 = 0, 11*g + 274113 = 12*g + 4*k. Is g prime?
True
Let t be (39/(-12))/((-4)/16). Is ((-10 + t)/(-3))/(2/(-1418)) a prime number?
True
Let a(n) = n**3 - 6*n**2 - 2*n + 7. Let g be a(6). Let q(s) = 52*s**2 + 3*s - 14. Let i(f) = -2*f**2 - f + 2. Let z(x) = 4*i(x) + q(x). Is z(g) prime?
False
Suppose 750*k - 759*k = -883611. Is k prime?
True
Suppose 63*y = 68*y - 25. Suppose -3*c + d - 10492 = -8*c, 0 = -4*c + y*d + 8411. Is c prime?
True
Suppose 12318 = -3*a - 2*s, 5*a = 2*s + 2*s - 20530. Is (-6 - (-33)/6)*a composite?
False
Let q(z) = 3*z**3 + 4*z**2 + 103*z + 45. Is q(55) prime?
False
Let g = 548266 + 420745. Is g a prime number?
True
Suppose 4*r + 16 = -12*b + 16*b, -5*r = 25. Is b - (-90)/10 - -9857 a composite number?
True
Let y(v) be the first derivative of 125*v**3 - 9*v**2/2 - 10*v + 51. Is y(7) composite?
True
Let q = 2563 - 8284. Let h = 3449 + q. Let d = -1571 - h. Is d prime?
True
Suppose -6*i = -2*i + 3*r - 43202, 4*r - 10807 = -i. Is i composite?
False
Let f = 30 + -28. Suppose 3*p = -p - 5*h + 7, 0 = f*p - 3*h - 9. Let o(s) = 113*s. Is o(p) prime?
False
Suppose 270*m = 268*m + 4. Suppose 8 = -m*j, -2*c + 5*j = -c - 11167. Is c a composite number?
True
Let v = 24 + -1. Suppose -25 = -x + v. Is 120320/x + (-1)/(-3) a composite number?
True
Let q be (18/24)/(1/40). Let l = -21 + q. Suppose l*h - 6855 = 1146. Is h a composite number?
True
Let x be (3 - 51/18) + (-2482)/(-12). Suppose x*g + 32495 = 212*g. Is g composite?
True
Suppose -4*w + 3*z = -6162 - 51269, 5*z - 71815 = -5*w. Suppose -4*o - 3*n = -w, 6*o - 5*n - 10799 = 3*o. Is o composite?
False
Suppose 12636 - 77451 = -29*b. Suppose 0 = -7*x + b + 40766. Is x a prime number?
True
Let o(l) = -2*l + 50. Let p be o(24). Suppose 0 = -5*r - 5*y + 35, p*r - 4*y - 42 = -r. Suppose -2*q + 280 = 2*f, r*f - 5*f - 3*q = 716. Is f prime?
False
Let x(t) = 4*t - 4. Let d be x(2). Is (5/((-15)/(-886)))/(d/102) a prime number?
False
Suppose -298*w + 296*w + 26 = 0. Suppose -w*s + 197996 = -969. Is s composite?
True
Suppose -11*k + 48*k = 194953. Is k a prime number?
False
Suppose 153*s - 18*s = 14744295. Is s a prime number?
False
Let p(q) = 279*q**2 + 29*q + 79. Suppose 0 = -7*o + 131 - 152. Is p(o) prime?
True
Let y = -20 - -23. Suppose 5*p = -4*g + 2441, -g + 3*g - y*p = 1237. Suppose 33*k = 31*k + g. Is k prime?
True
Let u(k) be the first derivative of -7/2*k**2 - 8*k - 2*k**4 - 2/3*k**3 + 12. Is u(-5) a composite number?
False
Suppose 2*t + 6*y = 4166, -3253 = 4*t - 3*y - 11675. Is t composite?
True
Let v(s) = s**2 + 7*s + 21. Let y be v(-6). Suppose 0 = -28*w + y*w + 17719. Is w composite?
True
Let y(g) = -1415*g - 220. Is y(-15) a prime number?
False
Suppose 0 = -4*x + 2*g + 18152 + 15854, -2*g = 6. Suppose 3*y = 2*a - 17003, -a = -0*a - y - x. Is a a composite number?
True
Let x = 4234 + 37597. Is x a composite number?
True
Suppose -321*q = -5*f - 317*q + 55313, 0 = 4*f + 4*q - 44200. Is f a composite number?
False
Let o = -38 + 37. Let l(i) = -1202*i + 1. Let q be l(o). Suppose -5*v + q = 4*f, 2*f = 2*v - 232 + 856. Is f a composite number?
False
Suppose s - 2680 = 2*p + 2*p, -5*s = p + 649. Is p/12*2/(-2)*28 a prime number?
False
Let h be -3 - (4 - 72) - 4. Let u = h - 61. Suppose -2*p + 7976 = -2*j, -2*p + u*j + 4*j = -7970. Is p a prime number?
False
Let l be ((-339)/2)/(15/(-1000)). Let k = -5787 + l. Is k composite?
True
Let n = 41 + -75. Let w = -36 - n. Is w + 519 - (-5 + 1) prime?
True
Let g be 10/4 - (-32)/64. Suppose 2*x - 3969 = -k, 3*x + 0*x + g*k = 5952. Is x a composite number?
True
Suppose -159*y = -16*y - 943657. Is y prime?
True
Suppose -77*r = -71*r - 60. Let y be 20165/r + -3*(-3)/18. Suppose -d - 2095 = -2*l, -5*l + 3225 = -d - y. Is l prime?
True
Let l be (-1 - -3) + -4 + 4143 + -2. Let m = l - -3762. Is m a composite number?
False
Suppose 48*g + 264 = 40*g. Let f(w) = -565*w - 50. Is f(g) a composite number?
True
Let s = -2567385 - -5049194. Is s prime?
False
Suppose -q + 2*a = q + 92, 0 = 5*q - a + 214. Is (-254)/5*1365/q composite?
True
Suppose u = 3*o - 4*u + 10, o + 1 = 4*u. Let i be (2/(-2) + o)*(-268 - 1). Suppose 5*z - 3011 = -3*k + i, z - 4609 = -3*k. Is k a composite number?
True
Let z be (90251 + (0 - 2))*37/(-111). Let u = 64046 + z. Is u prime?
False
Let q(j) be the second derivative of 7/6*j**3 + 10/3*